*l - v*x - 17 = -4*x, 3*l - 5*x = -5. Calculate w(l).
0
Suppose -27 = 4*w - 67. Suppose -2*u = 2*g - w, 3*g = -2*u + 16 - 6. Let v(l) = -2*l + 7. What is v(u)?
-3
Let p(o) = -o + 13. Suppose 6*z + 13 = 49. Calculate p(z).
7
Let v(s) = s**3 - 3*s**2 + 3*s - 1. Suppose -z = -1 - 2. Suppose -4*k = -z*k - 2. Calculate v(k).
1
Let l(w) = -w**3 - 2*w**2 + w + 4. Let t(m) = -m**3 + 15*m**2 + 14*m + 29. Let u be t(16). Give l(u).
10
Suppose -6 = 2*b, 8 = -z - 3*b + 3. Let a(u) = 0*u + 3 + z*u + u - u. Give a(-2).
-5
Let j(i) = -i**2 - 4*i - 3. Let g be j(-4). Let q be 1*((0 - g) + -3). Let s(m) = -m**3 + m**2 - m - 2. Calculate s(q).
-2
Suppose -3*r + 33 = -0*r. Let y(i) = i - 4. Let o(g) = 6*g - 21. Let k(n) = r*y(n) - 2*o(n). What is k(-1)?
-1
Let w(p) be the first derivative of 3 - 1/2*p**2 + 0*p. Calculate w(3).
-3
Let d(n) = n - 8. Let o(m) be the second derivative of m**4/12 - m**2 + 2*m. Let w be o(3). Give d(w).
-1
Suppose 5*z - 5*d - 26 = -6, 4*z - 2*d - 14 = 0. Let y(u) = 3*u - 3*u - u. Let n(c) = -2*c - 3. Let k(x) = n(x) - 6*y(x). Calculate k(z).
9
Let o(d) = -2*d**2 + d + 1. Let w be (-5)/7 - 22/77. Give o(w).
-2
Let o(x) = 2*x + 28 - 31 + x**2 - 3*x. What is o(4)?
9
Let f be 1 - (-3)/2*2. Let l = f + 0. Let s(a) = -l*a**2 + 8*a**3 - 3*a**3 + 1 - a**2 + 6*a**2 + a. Give s(-1).
-4
Suppose 4*t = t. Let o = -4 - -5. Let v(x) = -6*x. Let h(g) = g. Let u(s) = o*v(s) + 5*h(s). Give u(t).
0
Let n(u) be the third derivative of 2/3*u**3 - 1/12*u**4 + 1/60*u**5 + 0*u - u**2 + 0. Let g = 10 + -7. What is n(g)?
7
Let q(s) = s**2 - 1. Let x(y) = y**2 + 5*y - 4. Let h(d) = q(d) + x(d). What is h(-5)?
20
Let f(a) be the second derivative of a**3/6 - a**2/2 - 17*a. What is f(6)?
5
Let y = 91 - 90. Let u(q) = 4*q. What is u(y)?
4
Suppose -10 + 2 = -4*l. Let a(q) = -4*q**l + 8 - 8. Let h be 1*(-1 + -1 + 1). Give a(h).
-4
Suppose 0 = -3*p + 9, -5*h + 22 = 4*p - 0*p. Let f(r) = 2 + 4*r**h - r**2 - 4 - 4*r**3 + r + 6*r**3. Determine f(-2).
-8
Suppose -4*z + 2 = -3*z + o, o - 12 = -3*z. Suppose z*u = 45 - 20. Let a(v) = -2*v + 7. Let p(l) = -4*l + 13. Let n(m) = 7*a(m) - 4*p(m). Calculate n(u).
7
Let o(k) = -3*k**2 - k - 2. Let g(h) = -4*h**2 - h - 3. Let j(z) = -2*g(z) + 3*o(z). Determine j(2).
-6
Let h(z) = z + 1. Let q be h(2). Suppose 0 = 2*n + 3*s + 5, 0*s - 30 = -q*n + 3*s. Let l(d) = -d**2 + 7*d - 5. What is l(n)?
5
Suppose -2*n + 0*p - 24 = -4*p, -24 = 4*n - 2*p. Let o(u) be the second derivative of u**5/20 + u**4/3 + 2*u**2 - u. Calculate o(n).
4
Suppose -2*n - 3 = n, 5*n = 4*t - 17. Suppose 4*d + t*q + 8 = 0, -4*q - 21 = -d + q. Let k(v) = 10*v**2 - v. What is k(d)?
9
Let f(d) = -d + 1. Let p(r) = -r**3 - r**2 - r. Let w = 0 - 1. Let g be p(w). Suppose 2*i - 3 = -g. What is f(i)?
0
Let x(d) = -d**2 + 4*d - 14. Let m(p) = -2*p**2 + 7*p - 28. Let l(h) = 3*m(h) - 5*x(h). Give l(0).
-14
Let v be 0 + -2 + 6 + -2. Suppose v*d = -2*p + 8, 2*p + 17 = 4*d + 5*p. Suppose l + 2*k + 0 = 4, -2*l + d*k = 28. Let f(w) = w**2 + 2*w + 1. Give f(l).
9
Let m(v) = v**2 - 5*v - 1. Let o be (19/(-4))/((-1)/4). Let d = o - 13. Calculate m(d).
5
Let w(i) = 0*i - 4*i**2 + 7*i + 302*i**3 - 303*i**3. What is w(-5)?
-10
Let v(g) = g**2 + 4*g - 5. Suppose 2*o - 3 = -3*l + 3*o, o - 5 = -l. Suppose 8 + l = -2*f. Calculate v(f).
0
Suppose 5*l - 4*q - 18 = 0, -3 = -5*q - 13. Let h(m) = 4*m - 4*m + 0*m - 1 + 3*m. Determine h(l).
5
Let t(d) = d**3 - d + 8. Let f = -32 - -32. Calculate t(f).
8
Let t(m) = -5*m**2 - m - 10. Let a(l) = -3*l**2 - 5. Let p(g) = -7*a(g) + 4*t(g). Calculate p(6).
7
Let h(n) = -13*n + 4 - 7*n + 19*n. Determine h(-4).
8
Let n(b) be the first derivative of b**2 + 2*b + 2. Determine n(-4).
-6
Let r be (-12 - -9)/(3/(-2)). Let l(t) = 3*t + 1. Give l(r).
7
Let l(x) = -2*x - 1. Let v(k) = 4*k**2 - 3*k**2 - k**3 + 2*k**2 - 1 + 2*k**3. Let b be v(-2). What is l(b)?
-7
Suppose 3*c - 5*b - 9 = -b, 3*c - 9 = -4*b. Suppose -4 = c*t - a + 3*a, 0 = t + 4*a - 12. Let k(z) = -3*z. What is k(t)?
12
Suppose 0 = -b - 2*v + 14, -3*b - 6 = -3*v - 21. Let s = 13 - b. Let j(l) = -l**2 + 4*l - 1. Determine j(s).
-6
Suppose -c + 5 = -1. Let z(l) = l**3 - 5*l**2 - 6*l - 6. Calculate z(c).
-6
Let b(a) be the second derivative of a**5/60 - a**4/24 - 7*a**3/6 - a**2 + 6*a. Let h(v) be the first derivative of b(v). Calculate h(0).
-7
Let j(a) = 1 - 20*a + a**2 + 14*a + 5*a. What is j(3)?
7
Suppose -s + 3*k = -18, 3*k + 6 = -0*s - 3*s. Let w = -5 + 8. Let i(g) = -3*g**2 - 7*g - 4 + w*g + 2*g + 5*g**2. Determine i(s).
8
Let b(z) = -3*z - 7. Let w be b(-5). Let k = w + -6. Suppose 0 = 5*i - 3*i - k. Let j(l) = 11*l**2 - l. What is j(i)?
10
Suppose a - 27 = -2*a. Let w(k) = 0*k - k - a + 2*k. Let z = -8 + 12. Give w(z).
-5
Let z(t) = 3*t - 2*t + 12 - 16 + 0*t. Calculate z(-3).
-7
Suppose 2 = -2*m + 5*w, -8 = -5*m + 3*w + 6. Let s(j) = 5 + j - 3*j + m - 10 + 8*j**3. Calculate s(-1).
-7
Let h(i) = i**2 - 32*i + 110. Let x be h(28). Let o(k) = -2*k**3 + k**2 + 2*k + 2. What is o(x)?
18
Let b(j) = j**3 + 4*j**2 - 1. Let h be 42/9 - 3/(-9). Suppose 5*s = n + 14, h*s = -0*s + 10. Give b(n).
-1
Let b(i) = -i**2 + 4*i - 4. Let a(t) = t**2 - 4*t + 3. Let f(l) = 3*a(l) + 2*b(l). Let m be 0 - (-5)/((-15)/(-12)). Give f(m).
1
Suppose 4*l + 84 = 2*t, -2*t + 2*l + 142 = t. Let a(z) = 2*z**2 + z - 50 + t + 9*z**3. Determine a(-1).
-8
Let i = 27 - 19. Let y(j) = 3*j**3 + j**2 - 2*j + 1. Let a(g) = -g. Let x(l) = l**3 + 4*l. Let n(r) = -5*a(r) - x(r). Let k(q) = i*n(q) + 3*y(q). What is k(-3)?
-3
Let k(q) be the third derivative of q**5/60 - 3*q**2. Let u(i) = -5*i**2 + 2*i + 2. Let o(c) = -3*k(c) - u(c). Give o(2).
2
Let x(j) = -15*j + 7. Let g(t) = 7*t - 3. Let k(y) = -13*g(y) - 6*x(y). Suppose -n - 2*d = -1, 3*d - 7 + 4 = -2*n. Let f = n - 3. Calculate k(f).
-3
Suppose -2*g - 2 = -12. Let v = 4 - g. Let t(p) = 11*p**3 + p**2 + p + 1. Give t(v).
-10
Let y(a) be the second derivative of -4*a + 3*a**2 + 1/12*a**4 + 0 + a**3. Suppose 0 = -v + 3 - 8. What is y(v)?
1
Let t(l) = 2*l**2 - 9*l. Let w(i) = -i**2 + 4*i. Let o(s) = -3*t(s) - 5*w(s). What is o(7)?
0
Let j(b) = b**3 + 5*b**2 - 2*b + 2. Let z(s) = 5*s**3 + 20*s**2 - 7*s + 8. Let k(h) = 9*j(h) - 2*z(h). Determine k(2).
6
Let g(t) = t**3 - 4*t**2 + 2*t + 4. Let x be g(3). Suppose 3*u + 3*y = -3, x = -u - 4*y - 3. Suppose -5*a = -u*a. Let f(r) = r**2 + r + 5. What is f(a)?
5
Let g(l) = -l**3 - 5*l**2 + 2*l + 6. Suppose d = -d + 4. Let i(a) = -4*a + 3. Let f be i(d). Determine g(f).
-4
Let g(f) be the first derivative of -f**6/360 + f**5/60 - f**4/6 - 4*f**3/3 + 4. Let n(o) be the third derivative of g(o). Let s = 12 + -9. Determine n(s).
-7
Suppose -t - 1 = -7. Suppose 0 = -5*d - t - 14. Let l(q) = q**3 + 4*q**2 + 4. Give l(d).
4
Let u(k) = 7*k**2 + 0*k + 6*k**2 - 19*k**2 - k + k**3 + 1. Calculate u(6).
-5
Let c(r) = -7*r + 5. Let o(m) = 10*m - 8. Let h(d) = -7*c(d) - 5*o(d). What is h(5)?
0
Let r(s) be the first derivative of -s**4/4 + 4*s**3/3 - 3*s**2/2 - 4*s + 9. What is r(3)?
-4
Let i(o) = -3*o + 2. Let c(g) = -39*g + 27. Let w(y) = 4*c(y) - 54*i(y). Let t = -3 - -5. Determine w(t).
12
Let q(f) = -2*f**2 - 8*f + 1. Let b(i) = 4*i**2 + 17*i - 2. Let l(o) = -4*b(o) - 9*q(o). Let u = -246 - -243. What is l(u)?
5
Let o(s) = -2*s**2 - 11*s - 2. Let q(k) = -k**2 - 5*k - 1. Let w(v) = -6*o(v) + 13*q(v). Suppose 0 = b - p - 0*p - 1, p - 9 = -4*b. Let c = 0 - b. Give w(c).
-7
Let p(r) be the third derivative of 0*r - 1/6*r**3 - r**2 + 1/120*r**6 + 0 - 1/24*r**4 - 1/12*r**5. Determine p(5).
-6
Let s(u) = 2 + u**3 + u + 3 - 5. Let v(w) = -w**3 + 5*w**2 - 5*w - 6. Let o(t) = 2*s(t) + v(t). What is o(-5)?
9
Let j(y) = -27*y**2 - 23*y**2 + 47*y**2 - y. Calculate j(-1).
-2
Suppose -6*a + 30 + 24 = 0. Let s(y) = y**3 - 8*y**2 - 11*y + 13. Calculate s(a).
-5
Let r(h) = -h. Let k(m) = -3*m. Let x(n) = -k(n) + 4*r(n). Suppose w - 4 = -w. Let o = 2 - w. Give x(o).
0
Let q(t) = t**3 + 2*t**2 + 2*t - 1. Let i(y) = -y**2 - 15*y - 28. Let n be i(-13). Determine q(n).
-5
Let s(n) = -10*n - n**2 + 64 - 38 - 33. Calculate s(-7).
14
Let b(o) be the first derivative of 2 + o + 1/2*o**2 + 1/4*o**4 + 1/3*o**3. Let i(w) = 2*w. Let l be i(-1). What is b(l)?
-5
Let i(t) be the second derivative of t**4/12 - 5*t**3/6 + t**2 + 2*t. Let u(g) = -g**2 - 4*g. Let p be u(-2). What is i(p)